{"id":97,"date":"2017-11-26T10:30:45","date_gmt":"2017-11-26T10:30:45","guid":{"rendered":"https:\/\/stanislavstratiev.org\/library\/?page_id=97"},"modified":"2019-04-24T04:19:23","modified_gmt":"2019-04-24T04:19:23","slug":"szogletes-essze","status":"publish","type":"page","link":"https:\/\/stanislavstratiev.org\/library\/?page_id=97","title":{"rendered":"Sz\u00f6gletes essz\u00e9"},"content":{"rendered":"<p>Elgondolkodtak-e azon, hogy Bulg\u00e1ri\u00e1ban a der\u00e9ksz\u00f6g, a t\u00e9glalap uralkodik?<br \/>\nNincsen ellipszis.<br \/>\nNincsen ov\u00e1lis.<br \/>\nNincs a k\u00f6r \u00e9rett form\u00e1ja sem.<br \/>\nNyers, durva der\u00e9ksz\u00f6gek sorra.<br \/>\n\u00c9lek. Metsz\u0151 \u00e9lek.<br \/>\nA vonalass\u00e1g.<br \/>\nEgyik\u00fck \u00e9szakr\u00f3l j\u00f6n, m\u00e1sikuk d\u00e9lr\u0151l, egyik se t\u00e9r ki, egym\u00e1snak \u00fctk\u00f6znek \u00e9s k\u00e9sz. V\u00e9ge. Egyenes sz\u00f6g.<br \/>\nNem folytat\u00f3dik. Nem torkollik. Nem \u00e9rik tov\u00e1bb.<br \/>\nK\u00e9ssel metszett\u00e9k kett\u00e9.<br \/>\nEgyenes der\u00e9ksz\u00f6gek. Der\u00e9ksz\u00f6g\u0171 h\u00e1zak. Der\u00e9ksz\u00f6g\u0171 szob\u00e1k. Der\u00e9ksz\u00f6g\u0171 ablakok. Der\u00e9ksz\u00f6g\u0171 \u00e1gyak. K\u00f6nyvesszekr\u00e9nyek. Asztalok. Sz\u00e9kek. Sz\u0151nyegek. T\u00e9glalap alak\u00faak.<br \/>\nT\u00e9glalap alak\u00fa terek, t\u00e9glalap alak\u00fa \u00e1rkok. Sz\u00f6gletesek.<br \/>\nNincs megalkuv\u00e1s. Nincs elt\u00e9r\u00fcl\u00e9s. \u00c1tt\u0171n\u00e9s sincsen valamely harmadik form\u00e1ba.<br \/>\nNincsen v\u00e1ltozatoss\u00e1g.<br \/>\nEz a der\u00e9k sz\u00f6ges, der\u00e9ksz\u00f6g\u0171 vil\u00e1g tipikusan balk\u00e1ni.<br \/>\nBenne helye meg\u00e9rt\u00e9snek nincsen, vagy hogy a m\u00e1sik vonalban folytat\u00f3dna \u2013 nem. Nem lehet.<br \/>\nBenne mindk\u00e9t vonal v\u00e1ratlanul v\u00e9get \u00e9r.<br \/>\n\u00c9s m\u00e1s helyen \u00e9s m\u00e1s id\u0151ben elkezd\u0151dik \u00fajra mind a kett\u0151.<br \/>\nA null\u00e1r\u00f3l.<br \/>\nM\u00edg \u00f6ssze nem \u00fctk\u00f6znek egy sz\u00f6gben, egy sz\u00f6gleten, \u00e9s egym\u00e1st ki nem oltj\u00e1k.<br \/>\n\u00cdgy egyik\u00fck sem \u00e9r term\u00e9szetes v\u00e9get.<br \/>\nNincs id\u0151 az \u00e9r\u00e9sre. A trad\u00edci\u00f3ra.<br \/>\nAz egyetlen hagyom\u00e1ny, hogy egyetlen vonal l\u00e9tezik.<br \/>\nA mi\u00e9nk.<br \/>\nNincs az ov\u00e1lis \u00e9retts\u00e9ge, nyugalma, b\u00f6lcs bel\u00e1t\u00e1sa.<br \/>\nHi\u00e1nyzik az ellipszis eleg\u00e1ns, finom, intim \u00e9rint\u00e9se.<br \/>\nA g\u00f6mb\u00f6ly\u0171 vonal kellemes emberi melegs\u00e9ge.<br \/>\nNem \u2013 csup\u00e1n a der\u00e9ksz\u00f6g szuronyhideg k\u00e9t vonala.<br \/>\nA bolg\u00e1r katona h\u00e1tra nem tud\u2026<br \/>\nKi l\u00e9p ott a bal (vagy a jobb) l\u00e1b\u00e1val?<br \/>\nAz \u00f6n\u00e9 a sz\u00f3, tovaris mauzer!<br \/>\nA term\u00e9szetben nincsen t\u00e9glalap.<br \/>\nDer\u00e9ksz\u00f6g\u0171 t\u00e9glalapok csak a mi vil\u00e1gunkban vannak.<br \/>\nA k\u00f6r\u00fcl\u00f6tt\u00fcnk l\u00e9v\u0151 vil\u00e1g lelk\u00fcnk t\u00fck\u00f6rk\u00e9pe.<\/p>\n<p style=\"text-align: right;\"><em>Szondi Gy\u00f6rgy ford\u00edt\u00e1sa<\/em><\/p>\n","protected":false},"excerpt":{"rendered":"<p>Elgondolkodtak-e azon, hogy Bulg\u00e1ri\u00e1ban a der\u00e9ksz\u00f6g, a t\u00e9glalap uralkodik? Nincsen ellipszis. Nincsen ov\u00e1lis. Nincs a k\u00f6r \u00e9rett form\u00e1ja sem. Nyers, durva der\u00e9ksz\u00f6gek sorra. \u00c9lek. Metsz\u0151 \u00e9lek. A vonalass\u00e1g. Egyik\u00fck \u00e9szakr\u00f3l j\u00f6n, m\u00e1sikuk d\u00e9lr\u0151l, egyik se t\u00e9r ki, egym\u00e1snak \u00fctk\u00f6znek \u00e9s k\u00e9sz. V\u00e9ge. Egyenes sz\u00f6g. Nem folytat\u00f3dik. Nem torkollik. Nem \u00e9rik tov\u00e1bb. K\u00e9ssel metszett\u00e9k kett\u00e9. Egyenes &hellip; <\/p>\n<p class=\"link-more\"><a href=\"https:\/\/stanislavstratiev.org\/library\/?page_id=97\" class=\"more-link\">Continue reading<span class=\"screen-reader-text\"> &#8220;Sz\u00f6gletes essz\u00e9&#8221;<\/span><\/a><\/p>\n","protected":false},"author":2,"featured_media":0,"parent":184,"menu_order":0,"comment_status":"closed","ping_status":"closed","template":"","meta":{"footnotes":""},"class_list":["post-97","page","type-page","status-publish","hentry"],"_links":{"self":[{"href":"https:\/\/stanislavstratiev.org\/library\/index.php?rest_route=\/wp\/v2\/pages\/97","targetHints":{"allow":["GET"]}}],"collection":[{"href":"https:\/\/stanislavstratiev.org\/library\/index.php?rest_route=\/wp\/v2\/pages"}],"about":[{"href":"https:\/\/stanislavstratiev.org\/library\/index.php?rest_route=\/wp\/v2\/types\/page"}],"author":[{"embeddable":true,"href":"https:\/\/stanislavstratiev.org\/library\/index.php?rest_route=\/wp\/v2\/users\/2"}],"replies":[{"embeddable":true,"href":"https:\/\/stanislavstratiev.org\/library\/index.php?rest_route=%2Fwp%2Fv2%2Fcomments&post=97"}],"version-history":[{"count":15,"href":"https:\/\/stanislavstratiev.org\/library\/index.php?rest_route=\/wp\/v2\/pages\/97\/revisions"}],"predecessor-version":[{"id":646,"href":"https:\/\/stanislavstratiev.org\/library\/index.php?rest_route=\/wp\/v2\/pages\/97\/revisions\/646"}],"up":[{"embeddable":true,"href":"https:\/\/stanislavstratiev.org\/library\/index.php?rest_route=\/wp\/v2\/pages\/184"}],"wp:attachment":[{"href":"https:\/\/stanislavstratiev.org\/library\/index.php?rest_route=%2Fwp%2Fv2%2Fmedia&parent=97"}],"curies":[{"name":"wp","href":"https:\/\/api.w.org\/{rel}","templated":true}]}}